ermine s(1).
-8
Let p(z) = -z**2 + z + 1. Calculate p(-3).
-11
Let h(z) = -z + 6. Calculate h(-5).
11
Let j(n) = n**3 - 6*n**2 + 5*n - 8. What is j(5)?
-8
Let m(x) = 11*x - 30. Determine m(5).
25
Let i(g) = g**2 + 8*g - 24. Determine i(5).
41
Let q(u) = -13*u**3 + 2*u**2 - 4*u + 3. What is q(2)?
-101
Let a(h) = -11*h**2. What is a(2)?
-44
Let x(y) = y**2 + 32*y + 4. Calculate x(-31).
-27
Let s(c) = c**2 + 25*c + 32. What is s(-25)?
32
Let h(a) = 4*a**2 + 12. Determine h(3).
48
Let k(z) = z**3 - 13*z**2 + 11*z + 5. What is k(12)?
-7
Let w(f) = -f**2 + 19. What is w(-10)?
-81
Let t(r) = 9*r - 51. Determine t(7).
12
Let t(r) = -r**2 - 7*r - 5. Calculate t(-8).
-13
Let b(y) = -y**3 - 11*y**2 - 4*y - 3. Calculate b(-11).
41
Let j(w) = -2*w**3 + 23*w**2 - 6*w - 2. Determine j(11).
53
Let t(l) = -4*l**2 + 62*l - 163. What is t(12)?
5
Let b(w) = -20*w - 2. Calculate b(2).
-42
Let l(f) = -4*f**2 - 3*f + 1. What is l(1)?
-6
Let r(s) = s**2 - 3*s - 11. Calculate r(-3).
7
Let f(c) = c + 14. Calculate f(-6).
8
Let d(o) = -o**2 - 8*o + 33. What is d(5)?
-32
Let s(b) = b**2 + 6*b - 37. Give s(-15).
98
Let c(n) = 12*n**3 - 2*n - 1. Determine c(-1).
-11
Let u(w) = -w**2 + 18*w - 60. Calculate u(5).
5
Let s(i) = -i**2 + 11*i - 46. Give s(6).
-16
Let h(q) = q + 11. Determine h(-11).
0
Let r(t) = -t**3 + 22*t**2 + 24*t - 32. Give r(23).
-9
Let l(n) = -3*n**2 - 2. Give l(2).
-14
Let q(b) = b**2 - 19*b + 26. What is q(17)?
-8
Let n(a) = a**3 + 9*a**2 - 35*a + 12. Determine n(-12).
0
Let m(u) = 2*u - 4. What is m(6)?
8
Let z(f) = -14*f + 25. What is z(3)?
-17
Let x(t) = -4*t - 12. Calculate x(-9).
24
Let r(s) = -s**2 - 5*s + 12. Give r(-7).
-2
Let s(c) = 2*c**2 + 20*c - 145. Calculate s(5).
5
Let f(q) = q**3 - 10*q**2 + 17*q - 28. Calculate f(8).
-20
Let z(o) = -10*o**2 - 4*o + 7. Determine z(-3).
-71
Let m(z) = z**2 - 25*z + 78. What is m(21)?
-6
Let b(s) = -s**2 + 11*s + 210. Determine b(21).
0
Let u(j) = j + 1. Determine u(10).
11
Let x(a) = 4*a + 134. What is x(-31)?
10
Let z(b) = -b**2 + b + 8. Determine z(6).
-22
Let d(l) = -3*l**3 - l**2 + 4*l + 4. What is d(-1)?
2
Let p(b) = -2*b**2 - 17*b + 7. Determine p(-8).
15
Let g(z) = 57*z - 212. Determine g(4).
16
Let f(l) = -11*l. Calculate f(-2).
22
Let j(s) = -s**2 + 8*s - 10. What is j(2)?
2
Let f(m) = m**2 - 11*m - 4. What is f(14)?
38
Let n(w) = 2*w**2 + 18*w + 14. Determine n(-9).
14
Let l(j) = j**2 + 6*j + 5. Calculate l(-4).
-3
Let h(i) = i**3 - i + 4. What is h(0)?
4
Let y(l) = l**2 - 17*l - 46. Determine y(19).
-8
Let z(t) = t**3 - 75*t**2 - 4*t + 301. Determine z(75).
1
Let f(u) = 14*u - 24. Determine f(5).
46
Let u(y) = -y**2 + 21*y + 2. Give u(16).
82
Let d(g) = g**3 + 63*g**2 + 2*g + 154. Give d(-63).
28
Let g(b) = -4*b**3 - 6*b**2 + 2*b + 1. Determine g(-2).
5
Let l(m) = 2*m**3 - 27*m**2 + 12*m + 6. What is l(13)?
-7
Let k(x) = x**3 - 2*x + 27. Calculate k(0).
27
Let r(c) = -c**3 + 60*c**2 - 58*c - 68. What is r(59)?
-9
Let r(s) = 18*s + 72. Give r(-3).
18
Let q(i) = -2*i**3 - i**2 + 4*i + 5. Calculate q(-2).
9
Let y(h) = 3*h + 3. Give y(-1).
0
Let t(m) = 4*m + 8. Give t(2).
16
Let w(v) = 18*v - 5. Give w(-1).
-23
Let y(q) = -6*q - 4. Determine y(0).
-4
Let j(i) = -i**2 - 10*i. Calculate j(-10).
0
Let u(s) = -3*s + 6. Determine u(4).
-6
Let q(t) = -18*t**2 - 6*t - 5. Determine q(-1).
-17
Let z(g) = -72*g**2 + 2*g - 3. Give z(1).
-73
Let i(q) = -2*q**3 + 7*q**2 - 8*q. Give i(2).
-4
Let a(l) = 86*l + 4. What is a(1)?
90
Let k(d) = d**3 + 6*d**2 + 5*d - 9. Give k(-4).
3
Let j(w) = w**3 - 9*w**2 - 2*w + 12. What is j(9)?
-6
Let m(j) = -j**2 - 15*j - 51. What is m(-9)?
3
Let w(j) = -20*j - 3. Determine w(3).
-63
Let h(r) = r**2 + 21*r + 80. What is h(-15)?
-10
Let g(u) = -u**2 + 17*u - 10. Determine g(9).
62
Let z(f) = -f + 10. Determine z(5).
5
Let h(n) = 3*n**3 + 10*n**2 - 2. Give h(-3).
7
Let d(c) = c**2 + 4*c - 10. Calculate d(-5).
-5
Let p(i) = 82*i**3 + 2*i**2 - 2*i + 1. What is p(1)?
83
Let i(n) = 2*n**3 - 2*n**2 + 4*n - 14. Calculate i(4).
98
Let t(v) = -40*v**3 + v**2 + v + 1. Give t(-1).
41
Let f(d) = -27*d - 21. Calculate f(-1).
6
Let a(c) = -5*c**2 + 4*c - 2. Calculate a(-2).
-30
Let r(z) = 4*z + 5. What is r(-3)?
-7
Let i(a) = -3*a - 95. What is i(-29)?
-8
Let s(q) = -q + 2. What is s(-6)?
8
Let o(j) = j**3 - 7*j**2 - 6*j - 3. Determine o(8).
13
Let z(h) = 53*h + 365. Calculate z(-7).
-6
Let a(s) = s**3 - 18*s**2 - 17*s - 21. Give a(19).
17
Let p(u) = -u**3 + 10*u**2 - 13*u - 16. Calculate p(10).
-146
Let l(k) = -k**3 - 9*k**2 - 5*k + 21. What is l(-9)?
66
Let o(l) = -65*l**2 + 2*l. Calculate o(-1).
-67
Let k(i) = i**3 - 23*i**2 + 26*i + 30. Calculate k(22).
118
Let m(x) = 5*x + 8. Determine m(-6).
-22
Let k(w) = 129*w + 1035. Calculate k(-8).
3
Let g(z) = -z**3 - 60*z**2 - 169*z + 127. What is g(-57)?
13
Let q(v) = -v**3 + 4*v**2 + v - 4. Calculate q(3).
8
Let v(o) = o**3 - 8*o**2 - o + 26. Calculate v(8).
18
Let j(o) = o**3 - 10*o**2 - 14*o + 35. Calculate j(11).
2
Let k(n) = -n**3 + 10*n**2 + 10*n - 7. Calculate k(11).
-18
Let v(w) = -2*w**3 - 4*w**2 + 7*w + 9. What is v(-4)?
45
Let u(a) = 2*a**2 + 8*a - 3. Determine u(-4).
-3
Let h(m) = -m**3 + 3*m**2 - 8*m + 15. What is h(3)?
-9
Let g(d) = d**3 + 7*d**2 + 3*d - 26. Give g(-6).
-8
Let m(o) = -17*o - 1. Give m(-1).
16
Let d(x) = -2*x + 11. Give d(11).
-11
Let n(m) = -m**2 - 13*m + 23. Calculate n(-16).
-25
Let i(f) = f**2 + 7*f - 32. Calculate i(-10).
-2
Let d(z) = -4*z**2 - 20*z + 11. Determine d(-6).
-13
Let n(m) = m + 4. What is n(-3)?
1
Let y(z) = z**2 - z + 5. Calculate y(-7).
61
Let c(n) = 6*n + 3. Determine c(-3).
-15
Let i(l) = l**2 + 5*l - 13. What is i(-6)?
-7
Let n(j) = -j**3 - 8*j**2 - 9*j + 4. Calculate n(-6).
-14
Let x(v) = -v - 19. What is x(-10)?
-9
Let a(g) = -12*g. What is a(-3)?
36
Let q(g) = g**2 - 96*g + 543. Calculate q(6).
3
Let d(u) = u**2 - 10*u + 3. Give d(8).
-13
Let m(y) = -y**3 - 30*y**2 - 55*y + 29. What is m(-28)?
1
Let o(a) = a**2 + 14*a + 17. Determine o(-12).
-7
Let l(h) = h**3 - 12*h**2 - 28*h + 2. Determine l(14).
2
Let d(z) = -z**3 + 3*z**2 - 3*z + 5. Determine d(3).
-4
Let d(o) = o**3 - 14*o**2 + 11*o - 5. What is d(13)?
-31
Let t(d) = -5*d**2 + 36*d - 4. Give t(7).
3
Let c(y) = -y**3 + 18*y**2 + 40*y + 3. Determine c(20).
3
Let g(m) = m**3 + 8*m**2 - 2*m + 2. What is g(-8)?
18
Let v(h) = -h**3 + h**2 - 44. Give v(0).
-44
Let b(u) = -u**2 + 18*u + 45. Calculate b(18).
45
Let k(m) = -3*m**2 + 6*m - 1. Determine k(4).
-25
Let k(w) = -11*w + 101. What is k(10)?
-9
Let z(o) = -o**3 + 6*o**2 + 10*o - 7. Determine z(6).
53
Let p(g) = g**3 + 6*g**2 - 4*g + 11. Give p(-7).
-10
Let z(s) = -s**3 - 17*s**2 - 71*s + 8. Give z(-7).
15
Let g(f) = 3*f. Determine g(2).
6
Let r(h) = 2*h + 17. Give r(-5).
7
Let a(v) = -v**3 - 11*v**2 - 12*v - 12. What is a(-9)?
-66
Let b(t) = 19*t - 17. Determine b(6).
97
Let q(l) = 2*l**2 - 14*l + 12. What is q(5)?
-8
Let s(i) = -i**3 + 15*i**2 - 14*i - 6. Give s(14).
-6
Let w(d) = d**2 + 3*d - 6. What is w(0)?
-6
Let o(s) = 18*s**3 + s**2 - 1. What is o(-1)?
-18
Let l(g) = g**2 + g + 22. Calculate l(5).
52
Let t(n) = 3*n + 3. Determine t(-2).
-3
Let c(j) = 2*j**2 + 7*j + 35. Calculate c(-6).
65
Let b(p) = -p**3 - 2*p**2 + 4*p + 4. Give b(-2).
-4
Let f(d) = -5*d**3 + 3*d**2 - d. Give f(2).
-30
Let c(j) = j**2 + 21*j + 58. What is c(-17)?
-10
Let b(t) = t**2 + 3*t + 9. What is b(-4)?
13
Let h(c) = -10*c - 15. Calculate h(-7).
55
Let i(x) = x**3 + 9*x**2 + 9*x + 3. Give i(-8).
-5
Let a(k) = -k**2 + 10*k - 2. Determine a(14).
-58
Let k(p) = -13*p + 192. Determine k(15).
-3
Let m(b) = -8*b**2 + b + 8. Determine m(3).
-61
Let p(w) = -16*w + 36. Give p(9).
-108
Let p(d) = 7*d + 2. Give p(1).
9
Let t(a) = -a**3 + 20*a**2 - 20*a + 5. Determine t(19).
-14
Let d(h) = -h**2 + 19*h - 55. Give d(13).
23
Let z(r) = -9*r**2 - 7*r - 9. Calculate z(-3).
-69
Let x(n) = -n**3 - 2*n**2 - 2*n. Determine x(-2).
4
Let o(t) = 5*t - 49. Give o(9).
-4
Let n(q) = 17*q**2 - 5*q - 7. Calculate n(-2).
71
Let n(b) = -b**3 + 14*b**2 - b + 6. Calculate n(14).
-8
Let k(l) = -l**2 - 41*l - 36. What is k(-39)?
42
Let m(n) = 6*n - 18. Calculate m(5).
12
Let z(y) = -y**2 - 7*y - 10. Give z(-2).
0
Let o(y) = -y**2 + 17*y - 64. Give o(12).
-4
Let p(u) = 5*u**2 - 6*u + 10. Calculate p(2).
18
Let f(h) = -h**3 + 20*h**2 - 5